 - 1 - 1 + 930*l**3. Let z be k(1). What is the highest common divisor of z and 355?
71
Let u(y) = 6*y**2 + 9*y + 16. Let l(v) = 30*v**2 + 44*v + 79. Let c(o) = -2*l(o) + 11*u(o). Let g be c(-6). What is the highest common divisor of g and 21?
21
Suppose -745 = -50*m + 6655. Suppose 0 = -33*w - m + 1072. What is the highest common divisor of w and 49?
7
Let k(v) = -2*v**2 - 68*v + 77. Let l be k(-32). Suppose -4*s + l = u, -77 = -3*s + 4*u + 72. Calculate the greatest common divisor of 51 and s.
51
Let c = 2566 - 22. Let i = c + -1744. What is the highest common divisor of 50 and i?
50
Let s be (-22)/(-26) + -1 - (-864)/39. Let y be (3 - 1692/3)/(30/(-20)). Calculate the greatest common factor of s and y.
22
Let z = -42 - -66. Let l be (z/(-10))/(5/(-25)) + -2. Suppose l = 2*j - 2*o, j - 4*j - o = -31. What is the greatest common factor of j and 117?
9
Let m(l) = -l**3 - 71*l**2 + 2*l + 626. Let f be m(-71). What is the highest common factor of 44 and f?
44
Suppose 4*x - 858 = 6. Let q be (-27)/(7 + x/(-30)). Suppose -3*k + 216 = -54. Calculate the greatest common divisor of q and k.
45
Suppose -3*d + 3*k = -822, 0 = 5*d - k - 1254 - 112. Calculate the highest common factor of 1001 and d.
91
Let w = 53086 - 53055. Suppose s + 2*s = 87. Let c = s - -33. Calculate the greatest common divisor of c and w.
31
Suppose -111 = -3*x + 3*w, 5*x - 143 - 14 = -2*w. Suppose 0 = 2*h - v - 25, 17 = 5*h - 4*v - 50. What is the highest common factor of x and h?
11
Let f(h) = 7*h**2 + 39*h - 274. Let r be f(11). Suppose -1428 = -15*p + r. What is the greatest common factor of p and 12?
6
Let q = 2468 + -2438. What is the greatest common factor of 7485 and q?
15
Let f be 2/(-11) + 12488/77 - 3. Let s = -127 + f. What is the highest common divisor of 128 and s?
32
Suppose -11*l - 3*o = -15*l - 2190, 2*o + 2200 = -4*l. Let m = l + 550. Let w = -2 + 15. What is the highest common factor of w and m?
1
Suppose 1597 = 115*a - 703. What is the greatest common divisor of a and 55?
5
Suppose 17*d - 2003 - 2417 = 0. Let f = 487 + -467. Calculate the greatest common divisor of d and f.
20
Let t be (4836/182)/(-1*(-1)/(-7)). Let j = -111 - t. Suppose -5*d - j = -245. What is the greatest common divisor of 136 and d?
34
Let n(c) = 88*c - 20. Let t be n(4). What is the greatest common factor of t and 32?
4
Let x be ((-10)/((-280)/(-798)))/((-27)/36). Calculate the greatest common factor of x and 312.
2
Let a be 1858129/1001 + (-3)/11. Calculate the greatest common divisor of 29 and a.
29
Let u be (2 - 15/7) + (-268)/(-14). Suppose 5*h - 2*s = 104, -3*s + u + 78 = 4*h. What is the greatest common divisor of h and 22?
22
Let t(f) be the first derivative of 4*f**3/3 + 4*f**2 - 36*f + 71. Let m be t(7). What is the highest common factor of m and 54?
54
Let m = -3412 - -3762. Calculate the greatest common factor of 240 and m.
10
Suppose 56*r - 1587 = -29*r + 16*r. Suppose -p + 1036 = -486. Let f be (-4)/6 + p/6. What is the greatest common factor of f and r?
23
Let m = 13737 + -13717. Calculate the highest common divisor of 1345 and m.
5
Let g(o) = 618*o**3 - 571*o**3 + o**2 + 0 + 2 - o. Let z be g(2). What is the greatest common divisor of 152 and z?
76
Let s(g) = -g**2 - 15*g + 37. Let y be s(0). What is the highest common divisor of 10397 and y?
37
Suppose 3*u = -n + 662, 8 = -5*n + 18. Suppose -3*l + 137 = -t, 112 = l + 2*l + 4*t. Calculate the highest common factor of l and u.
44
Suppose 0 = -5*t - w + 175, 588*t - w + 141 = 592*t. Calculate the greatest common factor of t and 850.
34
Suppose 0 = 5*d + 3*z - 50, -31*z = -11*d - 36*z + 126. Suppose 573 = 5*q - 107. Calculate the highest common factor of d and q.
8
Let g(w) = 2*w**2 - 4*w + 111. Let h be g(12). What is the greatest common divisor of 507 and h?
39
Let w be (-1 - -8) + 2 + -1. Let y be ((-154)/(-10) + 5)*(-4 + 96/9). What is the greatest common divisor of y and w?
8
Suppose 4*a + 19218 = 5*r, -215*a + 213*a = -3*r + 11528. Calculate the greatest common divisor of r and 38.
38
Suppose 2*q + 4 = o, -q - 14 = -5*o + 33. Suppose w - 12 = 4. Suppose -12*g + 4*g + w = 0. Calculate the highest common divisor of g and o.
2
Let v = 19777 + -8731. Calculate the highest common factor of 126 and v.
42
Suppose 518 = 2*k + v, -341 = -3*k + 5*v + 423. Calculate the highest common divisor of k and 645.
129
Let q(x) be the first derivative of x**2/2 - x - 2. Suppose -163*u = -166*u + 54. Let y be q(u). Calculate the greatest common factor of 34 and y.
17
Let z = 34 - -20. Let j = 315125 - 314855. Calculate the greatest common divisor of j and z.
54
Let n be (-384)/(-24) - (-3)/1. Suppose 0*d = 3*d + 6. Let g be d/(-3)*195 - -3. Calculate the greatest common factor of n and g.
19
Let z(f) = 5*f - 61. Let j be z(11). Let t(o) = 8*o**2 + 19*o + 76. Let m be t(j). Calculate the greatest common divisor of m and 50.
50
Suppose -685 + 643 = -5*h - r, 0 = h + r - 6. What is the highest common divisor of 25 and h?
1
Let k = -1185 + 3105. Suppose -16*x + k = -10*x. What is the greatest common divisor of 40 and x?
40
Suppose 0*b - 2*y - 359 = 5*b, y = 3. Let s = 12 + b. Let n = s + 65. What is the greatest common divisor of 3 and n?
1
Let t(g) = g**3 + 41*g**2 + 75*g - 69. Let j be t(-39). What is the greatest common factor of j and 456?
24
Suppose -3909 + 397 = -439*i. Calculate the greatest common divisor of i and 16696.
8
Let c(f) = -16 - 2*f - 1 + 10 + f. Let d be c(-10). Calculate the highest common factor of d and 1.
1
Suppose 5*f - 4*y - 95 = 0, -3*y + 0*y + 60 = 5*f. Suppose -4*w + 3*z + f = 4, -2*z = -6. Calculate the highest common factor of w and 35.
5
Let w = 2248 + 51. Calculate the greatest common divisor of 38 and w.
19
Let x = -48 - -50. Let t be 6 + x + 15/(9/(-3)). Suppose 1 = t*l - 26. What is the highest common factor of 3 and l?
3
Let d(z) = 848*z - 5283. Let b be d(19). Calculate the highest common divisor of b and 442.
221
Let q(b) = 20*b + 341. Let d be q(-17). Suppose -97 = -5*u + z, 2*u + z = -z + 34. What is the highest common factor of u and d?
1
Suppose 0 = -4*g - 145 + 109. Let q(a) = 2*a**2 + 16*a - 6. Let h be q(g). What is the highest common divisor of 48 and h?
12
Let l(f) = 18*f - 325. Let o be l(17). Let k be 2/o + 13/(1235/1530). Let v = 38 - 14. What is the highest common divisor of k and v?
8
Let n(c) = 3*c**2 - 7*c + 5. Let i be n(5). Let t be (8/12)/((-770)/(-5775)). Calculate the highest common divisor of i and t.
5
Let s(q) = -q - 102. Let u be s(18). Let g = 160 + u. What is the highest common factor of 140 and g?
20
Let j = 1601 - 1577. Suppose 0 = -3*d + 2*p + 50, 3*d - 20 = 3*p + 31. Calculate the greatest common divisor of d and j.
8
Suppose -40*c = 65*c - 1890. What is the greatest common divisor of c and 50?
2
Let m = -41 - -44. Suppose 4*o - m*c = 61, -3*o - 3*c = -4*c - 52. Let a = 45 - o. What is the greatest common factor of 234 and a?
26
Let f be (6*(-105)/50)/((-6)/740). Calculate the highest common factor of 546 and f.
42
Let x(d) = -205*d + 1085. Let s be x(5). What is the greatest common divisor of s and 45?
15
Let n = 398 - 384. Suppose -n*c = 3*c - 1037. Calculate the highest common divisor of c and 1.
1
Let t(r) = -16*r - 59. Let y be t(-9). Let f = -16 + 25. Suppose -102 = -f*v + 3*v. What is the highest common divisor of v and y?
17
Suppose -j + 2*z = 0, -3*j - 19*z = -21*z - 16. What is the greatest common divisor of j and 1864?
8
Let r = 373 + -367. Suppose 0 = -x - 4*y + 1, 4*x - r*y - 80 = -3*y. Calculate the greatest common divisor of 272 and x.
17
Let r be -6*(-8)/216 + ((-189798)/54)/(-1). What is the highest common divisor of 95 and r?
95
Let p = -47 + 37. Let l(i) = -152*i + 88. Let k be l(p). What is the highest common divisor of k and 24?
24
Suppose -4*x + 4*m = -40, 0*x - 3*x + 2*m = -34. Suppose -4*i = 5*z - 28, i + x = -2*z + 6*z. Let c = 133 - 105. What is the greatest common factor of c and z?
4
Let x = 31 - -13. Let u(m) = -594*m - 8646. Let t be u(-15). What is the greatest common factor of t and x?
44
Let o be ((-4)/(-16))/((-9)/(-180)). Suppose -4*b - 2*t = -884 + 78, -o*b + t + 1025 = 0. What is the highest common divisor of 24 and b?
12
Suppose 12 = o + 5*s, 0 = -3*o - 3*s + 10 + 2. Let b be o*11*-1*1/(-1). Calculate the highest common factor of 374 a